1. Let q = i + 158. List the prime factors of q.
2, 5, 23
Suppose -1857 = 5*t - 0*n + n, -1128 = 3*t - 4*n. Let r = t + 204. What are the prime factors of ((-20)/8)/(3/r)?
2, 5, 7
Let c(k) = k**3 - 6*k**2 - 5*k + 6. Let n be c(5). List the prime factors of ((9 - 5) + -1)/((-6)/n).
2, 11
Suppose 183*y - 169*y = 19334. List the prime factors of y.
1381
Let c(q) = -33*q**2 - 9*q + 40. Let r(h) = 16*h**2 + 5*h - 20. Let y(s) = 3*c(s) + 7*r(s). What are the prime factors of y(4)?
2, 5, 11
Let r(z) = -1317*z - 54. Let h(y) = -y - 2. Let i(u) = -4*h(u) - r(u). What are the prime factors of i(1)?
3, 461
Let a = 122 + -97. Suppose 4*l = 3*d - 86, 3*l - 88 = -3*d + 8*l. Suppose -d*y + a*y = -105. What are the prime factors of y?
3, 5, 7
Let l(b) = -2*b - 37. Let g(x) = -x - 12. Let f(y) = -7*g(y) + 2*l(y). Let t be f(-7). Let o(n) = -11*n + 29. List the prime factors of o(t).
2, 3, 5
Suppose -4251 = -6*j + 591. Let x = j + -420. List the prime factors of x.
3, 43
Suppose 25 = 4*z + 5*c, 10*c = 4*z + 11*c - 21. Suppose 2*m - p = 1219, 2102 + 339 = 4*m - z*p. List the prime factors of m.
3, 7, 29
Suppose -35 = -3*w - 20. Suppose -7 = -6*p + w*p. Suppose -456 - 517 = -p*v. What are the prime factors of v?
139
Suppose 0 = -2*p - 4*a + 2, 5*p + 1 - 54 = 2*a. Suppose -p*i - 5*i + 7420 = 0. List the prime factors of i.
2, 5, 53
What are the prime factors of (4 + 9 - -4) + 1563?
2, 5, 79
Suppose -539414 = -63*w - 53*w + 61814. What are the prime factors of w?
71, 73
Suppose 2*d + f = 6756, 0*f = 2*d + 2*f - 6756. Suppose 0 = 39*o - 34266 + d. What are the prime factors of o?
2, 3, 11
Let v be 40/6*(-312)/65. List the prime factors of 0 - 53080/v - 1/(-4).
3, 7, 79
Suppose 23*r + 1 = -35*r + 233. Suppose 0 = -3*o + 41 - 8. List the prime factors of (110/r)/o*54.
3, 5
Let k(c) = -c**3 - 6*c**2 + 3*c - 8. Let o be k(-7). Suppose -o = 3*b - 7*b. Suppose s + 483 = 5*s - i, -b*s = -4*i - 612. List the prime factors of s.
2, 3, 5
Let p(m) = -10*m**3 - 8*m**2 - 110*m - 1361. What are the prime factors of p(-13)?
137, 151
Let v = 11862 - -8659. List the prime factors of v.
20521
Let p = -42194 - -123012. What are the prime factors of p?
2, 17, 2377
Suppose -2*t - 3*m = -33, -3*t + 16 = -2*t + 2*m. Suppose 2042 = 14*o - 11*o - u, 3406 = 5*o - 3*u. Suppose -t*k = -14*k - o. What are the prime factors of k?
2, 5, 17
Let x(q) = -485*q**3 - 2*q**2 - 146*q - 587. List the prime factors of x(-4).
3, 5, 13, 53
Suppose 5*a - l = 11, 0 = -5*a - 3*l + 1 + 26. Suppose -a - 74 = -j. Suppose -4*z - 3*m + 120 = 0, -3*z + m = -0*z - j. List the prime factors of z.
3
Suppose 0 = 12*m - 2601 - 87. Suppose m - 194 = j. List the prime factors of 76/j*42 + 4/(-10).
2, 53
Suppose 12*g - 23*g + 76335 = 3*t, -4*g = 4*t - 27764. List the prime factors of g.
3, 257
Let w(r) = -2*r + 12. Let h be w(4). Suppose -156 = -5*q + h*q - 3*l, 0 = -q + 2*l + 176. Suppose q = 6*c - 4*c. What are the prime factors of c?
2, 3, 7
Suppose 0 = 5*a - 60 + 80. Let r(m) = 5*m**2 + 4*m - 4. Let k be r(a). Let b = -42 + k. What are the prime factors of b?
2, 3
Let l(y) = 22*y + 279. Let q(j) = 7*j + 93. Let u(v) = 2*l(v) - 7*q(v). List the prime factors of u(-22).
17
Let o = -210 + 447. Suppose 4*g + 2*v + 518 = 0, 0 = 3*g - 3*v - v + 416. Let t = o + g. List the prime factors of t.
3, 5, 7
Let h = 3794 - -5216. What are the prime factors of h?
2, 5, 17, 53
Let o = 8301 - -6975. What are the prime factors of o?
2, 3, 19, 67
Suppose -39*l + 43*l - 28 = 0. Let k(r) = r**3 - 7*r**2 - 3*r + 12. Let c be k(l). Let f(h) = -12*h - 4. What are the prime factors of f(c)?
2, 13
Let p = 50 + -2. Let n = 52 - p. Suppose -3*y - 5*h + 293 = 0, n*y - 2*y + 3*h - 197 = 0. What are the prime factors of y?
2, 53
Let r(z) = 5*z**3 + 22*z**2 - 25*z + 14. Let x(p) = 14*p**3 + 65*p**2 - 74*p + 43. Let l(t) = 17*r(t) - 6*x(t). List the prime factors of l(16).
2, 71
Let l(i) be the first derivative of -i**4/4 - 4*i**3/3 - i**2 + 5*i - 28. Let c be l(-3). Suppose c*y = 5*y - 390. What are the prime factors of y?
2, 5, 13
Let f(g) = -2*g + 3 - g - g**2 + 4*g - 5*g. Let b be f(-3). List the prime factors of ((-20)/b)/(3/(-72)).
2, 5
Let m(c) = -18*c**2 - 40*c - 12. Let w be m(-3). Let j = 273 - -4. Let k = j + w. What are the prime factors of k?
223
Suppose -153*x - 149104 = -169*x. List the prime factors of x.
9319
Let q be (761/3)/(7/21)*1. Suppose 247 = 3*a - q. What are the prime factors of a?
2, 3, 7
Let j(r) = r**3 - 21*r**2 + 24*r - 76. Let s be j(20). Suppose 3*u - 890 = s*y, 20*y = 4*u + 21*y - 1193. What are the prime factors of u?
2, 149
Let p(w) = -16 + 48 - 7 + 17*w - 17. List the prime factors of p(10).
2, 89
Let r(p) = -3*p**2 + 27*p - 20. Let h be r(8). Let x(l) be the third derivative of 2*l**5/15 + l**4/8 - 5*l**3/3 + 2*l**2. What are the prime factors of x(h)?
2, 5, 13
Let s = 1822 - 3052. Let q = -690 - s. List the prime factors of q.
2, 3, 5
Let h = 77075 + -5427. What are the prime factors of h?
2, 2239
Let o(c) = -397*c - 400. Let g be o(-15). Suppose -39*z = -10318 - g. What are the prime factors of z?
11, 37
Suppose 11*w - 14*w = 21. Let a(b) = -20*b + 4. What are the prime factors of a(w)?
2, 3
Let c be (7 - (23 + 1))*-96. Suppose 11*p - c = 3175. List the prime factors of p.
19, 23
Let b(o) = 7627*o - 27. Let h be b(5). Suppose 68*q - 40*q - h = 0. What are the prime factors of q?
1361
Let u be (1*-2)/(52/(-910)). Suppose 5383 + 45682 = u*y. What are the prime factors of y?
1459
Let v = -678 - -664. Let y(f) = 2*f**3 + 33*f**2 - 25*f - 30. List the prime factors of y(v).
2, 5, 13
Suppose -5*z = -5*r + 4495, -3*r - 4 = -r. Let m = -509 - z. List the prime factors of m.
2, 7
Let a(n) = n**2 + 16*n + 28. Let q be a(-14). Suppose -y = -4*z + 2*y - 85, q = -z - 2*y - 24. Let r = -2 - z. List the prime factors of r.
2, 5
What are the prime factors of 606/(-2121) + (-41197)/(-7)?
5, 11, 107
What are the prime factors of -7605*((-7 - -12) + 0 + -6)?
3, 5, 13
Suppose -w + 5*u - 41 = 0, 5*u = -2*w + w - 11. Let g be (0 + -2 + 3)*w. List the prime factors of 17/102 - g/12*17.
37
Let z(t) = 6*t**2 + 71*t - 132. What are the prime factors of z(47)?
109, 151
Suppose -3*t = a - 135, -8*a + 6*a + 256 = -t. Suppose 0 = m - 469 - a. List the prime factors of m.
2, 13, 23
Let g(b) = 778*b**3 - 10*b**2 - 3. List the prime factors of g(3).
3, 6971
Suppose -8*u = -3*u - 10. What are the prime factors of (-2)/(u/1)*155*-4?
2, 5, 31
Let c(u) = 2*u**3 - 24*u**2 + 2*u - 17. Let j be c(12). Suppose -15*l + 1386 = j*l. What are the prime factors of l?
3, 7
What are the prime factors of (30450/700)/(2 + 3/(4410/(-2931)))?
5, 7, 29
Suppose 243 = -3*n + 246. Let o be (0 + 3 + n)*60/(-16). What are the prime factors of (-2214)/o + 12/(-20)?
3, 7
Suppose -5279489 + 103849 = -376*h. What are the prime factors of h?
5, 2753
Suppose 3*p - 38 = -5*j - 13, 3*j - 5*p + 19 = 0. Let u(t) = 135*t + 165*t - 283*t - 12 + t**j. What are the prime factors of u(-22)?
2, 7
Let f(p) = p + 4. Let k(s) = -5*s**2 + 194*s + 38. Let a(o) = -2*f(o) - k(o). List the prime factors of a(44).
2, 5, 101
Let x be 165/35 + 2/7. Suppose -x*b - 27 = -4*l + 25, -b = -3*l + 39. Suppose -21 = -t + l. List the prime factors of t.
2, 17
Let n(u) = 33*u**3 + 2*u**2 + 9*u + 16. Let m(s) = 67*s**3 + 4*s**2 + 19*s + 33. Let z(v) = 4*m(v) - 9*n(v). List the prime factors of z(-2).
2, 3, 37
Let v = 350 - 349. What are the prime factors of (-2 - (v + -5))*1141/2?
7, 163
Suppose -26*h = -245600 + 71868. Suppose 0 = -2*p - 2*i + 172 + 2508, 5*p - i = h. What are the prime factors of p?
7, 191
Suppose 0 = 41*a - 124822 - 20031. List the prime factors of a.
3533
Let i(x) = x**3 + 3*x**2 - 7*x + 10. Let z be i(-5). Suppose 3*t + 0*t + 2 = 2*k, -3*k + 2*t - 2 = 0. List the prime factors of -26*z/k*-1.
5, 13
Suppose -4*f + 2*c = 88, 3*f = 6*f + 4*c + 44. List the prime factors of 0 - (f/6)/(7/1134).
2, 3, 5
Let n = 6552 - -127. List the prime factors of n.
6679
Suppose 4*w = 41 - 13. Suppose 0 = -y - w*y + 2856. What are the prime factors of y?
3, 7, 17
Let r = 3956 - 1234. List the prime factors of r.
2, 1361
What are the prime factors of 66/(-297) + (3/(-2))/((-108)/1469680)?
2, 3, 7
List the prime factors of (-98)/(-42)*136314/14.
3, 7573
Let y(d) = -5*d - 13. Let m be y(-3). What are the 